4
Let m(g) = g**2 + 7*g. Let d be m(35). Calculate the greatest common divisor of d and 60.
30
Let i be (-12)/((-2)/(4/(-4))) + 81. What is the highest common divisor of i and 475?
25
Let a = -6366 - -6558. What is the highest common divisor of a and 288?
96
Let g(i) = 105*i - 39. Let w be g(2). Suppose 0 = -3*q - 4*n + 87, -6*q + 11*q - 2*n - w = 0. What is the greatest common factor of q and 121?
11
Let t = -223 + 318. Suppose 0 = -91*l + t*l - 468. What is the greatest common divisor of l and 9?
9
Let w = 57 + -58. Let v be 3 - (3 + -6 - w). Suppose -v*j = -4*j - 16. What is the greatest common factor of 128 and j?
16
Suppose -2*r = -3*r - 2, -2*i = -5*r - 14. Suppose i*z - 17 + 1 = 0. Let l = z - -16. What is the highest common factor of 120 and l?
24
Let k(l) = -8*l**3 - 2*l**2 - 4*l - 1. Let m be k(-3). Let x be ((-2)/(-3))/((-26)/(-429)). Calculate the greatest common factor of x and m.
11
Let c = 473 - 537. Let f be (c/(-12))/(1/3). What is the highest common factor of f and 176?
16
Suppose -48 = -4*k - 0*k - 5*t, k - 3*t - 12 = 0. Suppose k*v + 11*v = 21528. What is the highest common factor of v and 13?
13
Let i(m) = 202*m - 1155. Let z be i(7). What is the highest common divisor of z and 7?
7
Let m = 302 - 285. What is the highest common divisor of m and 7378?
17
Suppose -77 = b + 3*d, 4*d - 130 + 46 = b. Let i = 170 - 89. Let z = i + b. Calculate the greatest common factor of 4 and z.
1
Suppose 3*u = 2*u - 2*o - 189, u = -o - 188. Let t = -82 - u. Suppose 59*i - 14447 = -12382. Calculate the greatest common factor of i and t.
35
Let y = -17246 + 17416. What is the greatest common divisor of 40 and y?
10
Let x be 2703/4 - 330/(-264). Let m = 703 - x. Calculate the greatest common divisor of 221 and m.
13
Suppose -4*v - 64 = -4*u, 9 = u - 3*v + 1. Let z(j) = -j**3 + 19*j**2 + 21*j + 29. Let c be z(u). What is the highest common factor of c and 49?
49
Let d = 8878 - -2760. What is the highest common factor of d and 92?
46
Suppose -635*i = -632*i + 27, -4*i - 9201 = -5*n. What is the greatest common factor of n and 429?
39
Let f be (-12)/(-7) - (-2)/7. Suppose 2*z + 62 = 3*m, 5*m - 135 = f*z - 5*z. Let u = -846 + 852. What is the highest common divisor of m and u?
6
Suppose -6*q + o = -4*q - 99, -q + 72 = -5*o. Let h = q - -29. Let t be (-1)/(-3)*778 + h/114. What is the highest common divisor of 26 and t?
26
Suppose -4*z - 60 + 164 = 0. Let q be (48/10)/((-27)/(-2340)). What is the highest common factor of q and z?
26
Suppose 2*w = -2*w - 8, -5*w = -4*d + 1398. Let i = -328 + d. What is the highest common factor of i and 38?
19
Let h = -5328 + 5350. What is the greatest common divisor of 4884 and h?
22
Suppose 353 = 18*v - 3931. Let c = v - 110. Calculate the highest common factor of 2 and c.
2
Let t = 2583 + 1331. What is the greatest common divisor of 38 and t?
38
Let y(b) = b**3 - 111*b**2 + 545*b + 12. Let o be y(5). Let q be (1 + -2)/(1/(-87)). Calculate the greatest common divisor of q and o.
87
Let n(t) = 34*t + 28*t + 21*t**2 - 77*t - 40 - t**3. Let g be n(20). What is the greatest common divisor of g and 24?
12
Let y be (20/4)/(-5 + (-770)/(-155)). Let r be (-9)/(-36) - y/4. What is the highest common factor of 351 and r?
39
Suppose 53*g - 2340 = -432. Calculate the highest common factor of 46 and g.
2
Let f be (-30)/(-8) + (-11)/(-44) - (-150 - -113). Calculate the highest common divisor of f and 5699.
41
Suppose 4*w - 253 - 83 = 0. Let a = -74 + 186. Let y = 124 - a. Calculate the greatest common factor of y and w.
12
Suppose -344 = -29*b + 1976. Calculate the greatest common divisor of b and 2512.
16
Suppose -b = -4*g - 13, b + 4*b + 4*g - 17 = 0. Suppose -68 = -b*c - 303. Let j = 56 + c. What is the highest common factor of j and 45?
9
Suppose 7*j + 42 = -21. Let q(z) = -29*z - 51. Let n be q(j). Let d = 16 - -14. Calculate the greatest common divisor of d and n.
30
Let q = 403 - 394. Let g be (135/10)/(-3)*-2. Calculate the highest common divisor of g and q.
9
Let t = -1034 - -1770. Suppose 5*z - t = 14. Let i be ((-18)/(-4))/(-1 - 301/(-280)). Calculate the highest common factor of i and z.
30
Let o = 64 + -36. Let d be (1013/(-29) - (-134)/(-1943))*(-45)/75. What is the highest common factor of o and d?
7
Let w = -227 - -963. Suppose 5*o = -2*l + 599 + 328, -4*o = -4*l - w. What is the greatest common factor of o and 259?
37
Let t(m) = 70*m + 2954. Let j be t(-31). Calculate the greatest common divisor of 16 and j.
16
Let o = 288 + -285. Suppose 5*p = l + 408, -2*l - 258 = -o*p + 3*l. Calculate the greatest common factor of p and 36.
9
Let s be 6/4*(-94)/2*5772/(-333). What is the greatest common factor of s and 208?
26
Suppose -77*u + 96 = -93*u. Let g be -11*(4/u)/(6/27). Suppose -29 + 7 = -2*t. What is the highest common factor of t and g?
11
Suppose 17*t - 159 = 788 + 56. Suppose l - 590 = -l. What is the highest common factor of l and t?
59
Let w be 1/1 - (-142 + -1). Let m(y) = 3*y**2 - 92*y + 720. Let i be m(18). What is the greatest common factor of w and i?
36
Let h = 198 - 194. Suppose v - 6 = -8*q + 3*q, 0 = -v - h. Calculate the highest common divisor of q and 26.
2
Let t = 24003 - 23619. Calculate the greatest common divisor of 78 and t.
6
Let a = 14 - 8. Let z = -20982 - -21084. What is the greatest common divisor of z and a?
6
Suppose 2*f - 1198 - 834 = -4*i, 0 = 2*i + 8. Suppose -9*g + f = 7*g. Calculate the highest common divisor of g and 4.
4
Suppose -371*d - 4104 = -443*d. Calculate the greatest common factor of d and 475.
19
Suppose 0 = -6*z + 899 + 301. Let s = z - 165. Calculate the highest common divisor of 315 and s.
35
Suppose 11*g = 22*g - 33. Suppose 5*u - 406 = -g*q, 0 = -3*u + 9*q - 6*q + 234. What is the highest common divisor of 5 and u?
5
Let x(z) = -10*z - 52. Let s be x(-6). Suppose 0 = 2*f + s, 0 = -3*q + q - 2*f + 62. Calculate the highest common factor of q and 315.
35
Let u = -313 + 315. Suppose 24 = z - 4*h + 20, -u*z + 5*h = -14. What is the greatest common factor of z and 192?
12
Let r be 18/(-12) - (1204/(-24) - (-8)/12). Let i = 42 + 54. What is the greatest common factor of r and i?
48
Suppose 13*d - 9996 = -134*d. What is the greatest common divisor of d and 2941?
17
Suppose -3*t + 2*n + 4819 = 88, -4719 = -3*t - 2*n. Calculate the greatest common divisor of t and 300.
75
Let z = -1412 - -1478. Let k be (6/4)/(12/16). Let b(r) = 21*r + 2. Let s be b(k). Calculate the highest common divisor of z and s.
22
Let r be 48/(-8)*4/3. Let q(h) = -20*h - 115. Let m be q(r). Calculate the highest common factor of 27 and m.
9
Suppose 2*h = 3*o - 448, -3*h + 37 - 25 = 0. Let x = -66 + 199. What is the highest common divisor of x and o?
19
Let d be (-60)/(-90)*4092/8. Calculate the highest common divisor of d and 248.
31
Let d = -385 + 280. Let y = -49 - d. What is the highest common factor of y and 98?
14
Let b be 70/4*(16 + -2). Let u = -126 + b. Suppose 0 = 29*o - 42*o + 221. What is the highest common divisor of u and o?
17
Let c be -6 + 12 + 7378 + -5. What is the greatest common divisor of 157 and c?
157
Let t = 513 - 458. Suppose -2*z + 13 = -147. Let a be 1*3 - z/(-10). What is the highest common factor of t and a?
11
Let v(d) = -3*d - 19. Let p be v(-10). Suppose 588 + 1348 = 11*k. What is the greatest common divisor of k and p?
11
Let y(c) = -5*c**2 + 253*c + 2900. Let p be y(60). Let t = 22 + -13. Let r = 19 - t. Calculate the greatest common divisor of p and r.
10
Let n(j) = j**3 + 9*j - 5. Let u be n(5). Let g = u + -40. Calculate the highest common factor of 5 and g.
5
Let f be 129 + -9 - (1 + 2/1). What is the greatest common divisor of f and 45?
9
Let r(m) = -m**3 + 7*m**2 + 43*m + 27. Let j be r(11). Let d(s) = -s**2 + 2 + 7*s**2 + 7*s - 7*s. Let i be d(3). Calculate the highest common factor of i and j.
8
Let t(x) = x**3 - 3*x**2 - 6*x. Suppose 0 = 9*d + 8*d - 85. Let f be t(d). Calculate the greatest common divisor of 620 and f.
20
Let g = 2116 - -2259. What is the highest common divisor of 175 and g?
175
Let z = 212 + -222. Let c be (-8)/z - (-1898)/65. What is the highest common divisor of 60 and c?
30
Let k = 2471 - 977. Calculate the highest common divisor of 18 and k.
18
Suppose -56340 + 34124 = -82*u + 46336. Calculate the highest common factor of u and 11.
1